e factors of 2971872.
2, 3, 17, 607
What are the prime factors of 345606?
2, 3, 57601
List the prime factors of 14368868.
2, 3592217
List the prime factors of 304579.
11, 27689
What are the prime factors of 289045?
5, 57809
What are the prime factors of 1006828?
2, 251707
What are the prime factors of 3600332?
2, 523, 1721
List the prime factors of 3339334.
2, 443, 3769
List the prime factors of 802715.
5, 37, 4339
List the prime factors of 6260342.
2, 11, 284561
List the prime factors of 4289064.
2, 3, 13, 59, 233
List the prime factors of 1720946.
2, 43, 20011
List the prime factors of 812983.
211, 3853
What are the prime factors of 249488?
2, 31, 503
What are the prime factors of 10141243?
7, 1117, 1297
What are the prime factors of 2816249?
41, 149, 461
List the prime factors of 129660.
2, 3, 5, 2161
What are the prime factors of 237093?
3, 79031
What are the prime factors of 83085?
3, 5, 29, 191
List the prime factors of 160708.
2, 40177
List the prime factors of 246957.
3, 263, 313
What are the prime factors of 1620500?
2, 5, 7, 463
What are the prime factors of 182276?
2, 45569
List the prime factors of 1252753.
73, 131
List the prime factors of 2185307.
83, 113, 233
What are the prime factors of 5547592?
2, 193, 3593
What are the prime factors of 286666?
2, 143333
What are the prime factors of 986465?
5, 197293
List the prime factors of 1123599.
3, 353, 1061
What are the prime factors of 746076?
2, 3, 79, 787
List the prime factors of 760855.
5, 19, 8009
List the prime factors of 16007571.
3, 592873
What are the prime factors of 1697955?
3, 5, 7, 103, 157
List the prime factors of 4809462.
2, 3, 7, 307, 373
What are the prime factors of 808174?
2, 23, 17569
What are the prime factors of 16129109?
16129109
List the prime factors of 70341.
3, 23447
What are the prime factors of 438674?
2, 137, 1601
List the prime factors of 1057919.
1057919
What are the prime factors of 262767?
3, 87589
List the prime factors of 3150139.
67, 47017
List the prime factors of 9025546.
2, 1783, 2531
List the prime factors of 9220528.
2, 17, 109, 311
List the prime factors of 562103.
562103
List the prime factors of 4831939.
7, 31, 3181
List the prime factors of 2338901.
2338901
List the prime factors of 284155.
5, 17, 3343
List the prime factors of 873760.
2, 5, 43, 127
What are the prime factors of 434646?
2, 3, 2683
List the prime factors of 2158869.
3, 59, 12197
List the prime factors of 10195898.
2, 47, 79, 1373
What are the prime factors of 6288842?
2, 7, 449203
List the prime factors of 1475195.
5, 295039
List the prime factors of 657670.
2, 5, 13, 5059
List the prime factors of 208679.
23, 43, 211
List the prime factors of 17481062.
2, 8740531
List the prime factors of 115624.
2, 97, 149
List the prime factors of 6403562.
2, 11, 47, 563
What are the prime factors of 3043638?
2, 3, 13, 13007
What are the prime factors of 63719?
63719
List the prime factors of 1669531.
191, 8741
List the prime factors of 1151824.
2, 193, 373
What are the prime factors of 1125197?
79, 14243
List the prime factors of 209127.
3, 69709
What are the prime factors of 387372?
2, 3, 19, 1699
What are the prime factors of 633857?
7, 23, 31, 127
What are the prime factors of 17536227?
3, 1733, 3373
What are the prime factors of 4961042?
2, 17, 79, 1847
List the prime factors of 1642615.
5, 13, 37, 683
List the prime factors of 5131964.
2, 43, 29837
List the prime factors of 324662.
2, 13, 12487
What are the prime factors of 3055123?
73, 41851
List the prime factors of 169186.
2, 29, 2917
List the prime factors of 666300.
2, 3, 5, 2221
List the prime factors of 863279.
863279
List the prime factors of 767908.
2, 191977
List the prime factors of 10134885.
3, 5, 19, 43, 827
What are the prime factors of 15550348?
2, 11, 43, 8219
List the prime factors of 3968637.
3, 1087, 1217
List the prime factors of 407915.
5, 17, 4799
What are the prime factors of 22906705?
5, 311, 14731
List the prime factors of 8233649.
8233649
List the prime factors of 2105611.
2105611
What are the prime factors of 401891?
7, 57413
What are the prime factors of 9172325?
5, 193, 1901
What are the prime factors of 452577?
3, 257, 587
What are the prime factors of 2678940?
2, 3, 5, 11, 41
What are the prime factors of 18718076?
2, 13, 73, 4931
What are the prime factors of 5926841?
19, 47, 6637
What are the prime factors of 395242?
2, 197621
List the prime factors of 41283.
3, 11, 139
List the prime factors of 331375.
5, 11, 241
What are the prime factors of 818964?
2, 3, 7583
List the prime factors of 12777937.
19, 41, 47, 349
List the prime factors of 5795822.
2, 31, 93481
What are the prime factors of 297619?
7, 17, 41, 61
What are the prime factors of 104952?
2, 3, 4373
What are the prime factors of 1329749?
67, 89, 223
What are the prime factors of 8784507?
3, 113, 25913
What are the prime factors of 26637755?
5, 5327551
List the prime factors of 559115.
5, 67, 1669
What are the prime factors of 11026759?
11026759
What are the prime factors of 768737?
199, 3863
List the prime factors of 6618283.
7, 31, 4357
List the prime factors of 805332.
2, 3, 11, 6101
List the prime factors of 1842998.
2, 921499
List the prime factors of 1078207.
13, 82939
List the prime factors of 1067530.
2, 5, 106753
What are the prime factors of 11067917?
7, 1581131
List the prime factors of 500765.
5, 100153
List the prime factors of 1702700.
2, 5, 17027
List the prime factors of 92534.
2, 13, 3559
List the prime factors of 153531.
3, 7, 2437
List the prime factors of 83218.
2, 41609
What are the prime factors of 6912989?
6912989
List the prime factors of 1226038.
2, 11, 23, 2423
What are the prime factors of 6305651?
11, 37, 15493
List the prime factors of 24016413.
3, 31, 258241
What are the prime factors of 3535470?
2, 3, 5, 163, 241
List the prime factors of 60915.
3, 5, 31, 131
List the prime factors of 2733503.
389, 7027
List the prime factors of 422554.
2, 11, 19207
List the prime factors of 4774922.
2, 97, 151, 163
List the prime factors of 1371830.
2, 5, 137183
List the prime factors of 20355.
3, 5, 23, 59
What are the prime factors of 3877935?
3, 5, 263, 983
List the prime factors of 558554.
2, 317, 881
List the prime factors of 2957414.
2, 1478707
What are the prime factors of 159040?
2, 5, 7, 71
List the prime factors of 24775032.
2, 3, 73, 79, 179
List the prime factors of 13290796.
2, 3322699
What are the prime factors of 189059?
13, 14543
What are the prime factors of 9412?
2, 13, 181
List the prime factors of 7701076.
2, 1069, 1801
What are the prime factors of 75230?
2, 5, 7523
List the prime factors of 8779735.
5, 17, 103291
List the prime factors of 229331.
53, 4327
List the prime factors of 4888726.
2, 2444363
What are the prime factors of 8239206?
2, 3, 1373201
List the prime factors of 2165722.
2, 13, 31, 2687
What are the prime factors of 734073?
3, 244691
List the prime factors of 435532.
2, 108883
What are the prime factors of 3151784?
2, 79, 4987
List the prime factors of 5756340.
2, 3, 5, 197, 487
List the prime factors of 466718.
2, 7, 17, 37, 53
List the prime factors of 9537764.
2, 151, 15791
List the prime factors of 671669.
19, 23, 29, 53
What are the prime factors of 580700?
2, 5, 5807
What are the prime factors of 2969646?
2, 3, 71, 6971
What are the prime factors of 598767?
3, 13, 1181
What are the prime factors of 167516?
2, 41879
List the prime factors of 20690154.
2, 3, 127717
List the prime factors of 35764073.
17, 2103769
List the prime factors of 2337143.
17, 8087
What are the prime factors of 212550?
2, 3, 5, 13, 109
What are the prime factors of 1043020?
2, 5, 11, 431
What are the prime factors of 731209?
731209
List the prime factors of 1808081.
11, 164371
What are the prime factors of 774196?
2, 193549
List the prime factors of 88628.
2, 22157
What are the prime factors of 555859?
71, 7829
List the prime factors of 4153218.
2, 3, 41, 16883
List the prime factors of 26250.
2, 3, 5, 7
List the prime factors of 4504938.
2, 3, 19, 43, 919
What are the prime factors of 8912033?
13, 685541
What are the prime factors of 4928682?
2, 3, 11, 53, 1409
List the prime factors of 186914.
2, 7, 13, 79
List the prime factors of 103298.
2, 13, 29, 137
What are the prime factors of 5508138?
2, 3, 19,